{"id":16,"date":"2014-06-04T11:06:47","date_gmt":"2014-06-04T14:06:47","guid":{"rendered":"http:\/\/www.conectorsolucoes.com.br\/site\/?page_id=16"},"modified":"2020-04-30T17:01:32","modified_gmt":"2020-04-30T20:01:32","slug":"telecomunicacoes","status":"publish","type":"page","link":"https:\/\/www.sinplus.com.br\/site\/telecomunicacoes\/","title":{"rendered":"Telecom"},"content":{"rendered":"<p>\u00a0<\/p>\n<h2><strong>1) A SinPlus instala ou faz manuten\u00e7\u00e3o em Pontos de Telefone no escrit\u00f3rio?<\/strong><br \/>Instalamos a Central e colocamos a fia\u00e7\u00e3o at\u00e9 o bloco, e do mesmo at\u00e9 as mesas dos usu\u00e1rios. \u00a0Temos prefer\u00eancia em Centrais Intelbras, mas n\u00e3o impede fazer o cabeamento estrutura para centrais de outras marcas.<\/h2>\n<h2><strong>2) Blocos de Telefone, com cabos de 10 pares ou mais, a SinPlus faz emendas ou instala?<\/strong><br \/>Sim. Fazemos as emendas com conectores siliconados, e vedados nas caixas de passagem, impedindo a entrada de \u00e1gua e formigas futuramente, trazendo ruido aos ramais do cliente. Comercializamos e lan\u00e7amos o cabemanto para o cliente, se for assim a sua necessidade.<\/h2>\n<h2 style=\"text-align: left;\"><strong>3) Centrais Telef\u00f4nicas\u00a0(PABX), a Sinplus instala ou faz manuten\u00e7\u00e3o?<\/strong><br \/>De prefer\u00eancias, temos capacita\u00e7\u00e3o nas Centrais Intelbras e fornecedores cadastrados que nos atendem a curto prazo. Todavia, servi\u00e7os simples como manobras de ramais e troca de pe\u00e7as, o fazemos ou intermediamos uma solu\u00e7\u00e3o.<\/h2>\n<h2><strong>4) Interligar os porteiros eletr\u00f4nicos com a Central a Sinplus faz?<\/strong><br \/>No nosso setor de seguran\u00e7a eletr\u00f4nica, j\u00e1 trabalhamos com v\u00eddeo-porteiros. J\u00e1 temos clientes empresariais que fizemos a integra\u00e7\u00e3o entre porteiros e centrais telef\u00f4nicas, para atender a necessidade espec\u00edfica deles.<\/h2>\n<h2><strong>5) No quadro de funcion\u00e1rios tem equipe qualificada?<\/strong><br \/>Temos cursos t\u00e9cnicos na Intelbras, e experi\u00eancia de mercado que nos permite deixar o cliente esclarecido e com a solu\u00e7\u00e3o que precisa.<\/h2>\n<p>\u00a0<\/p>\n\n\n<figure class=\"wp-block-image size-large\"><img loading=\"lazy\" decoding=\"async\" width=\"576\" height=\"1024\" src=\"https:\/\/www.sinplus.com.br\/site\/wp-content\/uploads\/2020\/04\/WhatsApp-Image-2020-03-25-at-15.43.13-576x1024.jpeg\" alt=\"\" class=\"wp-image-242\" srcset=\"https:\/\/www.sinplus.com.br\/site\/wp-content\/uploads\/2020\/04\/WhatsApp-Image-2020-03-25-at-15.43.13-576x1024.jpeg 576w, https:\/\/www.sinplus.com.br\/site\/wp-content\/uploads\/2020\/04\/WhatsApp-Image-2020-03-25-at-15.43.13-169x300.jpeg 169w, https:\/\/www.sinplus.com.br\/site\/wp-content\/uploads\/2020\/04\/WhatsApp-Image-2020-03-25-at-15.43.13-1x1.jpeg 1w, https:\/\/www.sinplus.com.br\/site\/wp-content\/uploads\/2020\/04\/WhatsApp-Image-2020-03-25-at-15.43.13.jpeg 581w\" sizes=\"auto, (max-width: 576px) 100vw, 576px\" \/><\/figure>\n","protected":false},"excerpt":{"rendered":"<p>\u00a0 1) A SinPlus instala ou faz manuten\u00e7\u00e3o em Pontos de Telefone no escrit\u00f3rio?Instalamos a Central e colocamos a fia\u00e7\u00e3o at\u00e9 o bloco, e do mesmo at\u00e9 as mesas dos usu\u00e1rios. \u00a0Temos prefer\u00eancia em Centrais Intelbras, mas n\u00e3o impede fazer o cabeamento estrutura para centrais de outras marcas. 2) Blocos de Telefone, com cabos de&#8230;<\/p>\n","protected":false},"author":1,"featured_media":0,"parent":0,"menu_order":0,"comment_status":"open","ping_status":"open","template":"","meta":{"footnotes":""},"class_list":["post-16","page","type-page","status-publish","hentry"],"_links":{"self":[{"href":"https:\/\/www.sinplus.com.br\/site\/wp-json\/wp\/v2\/pages\/16","targetHints":{"allow":["GET"]}}],"collection":[{"href":"https:\/\/www.sinplus.com.br\/site\/wp-json\/wp\/v2\/pages"}],"about":[{"href":"https:\/\/www.sinplus.com.br\/site\/wp-json\/wp\/v2\/types\/page"}],"author":[{"embeddable":true,"href":"https:\/\/www.sinplus.com.br\/site\/wp-json\/wp\/v2\/users\/1"}],"replies":[{"embeddable":true,"href":"https:\/\/www.sinplus.com.br\/site\/wp-json\/wp\/v2\/comments?post=16"}],"version-history":[{"count":6,"href":"https:\/\/www.sinplus.com.br\/site\/wp-json\/wp\/v2\/pages\/16\/revisions"}],"predecessor-version":[{"id":243,"href":"https:\/\/www.sinplus.com.br\/site\/wp-json\/wp\/v2\/pages\/16\/revisions\/243"}],"wp:attachment":[{"href":"https:\/\/www.sinplus.com.br\/site\/wp-json\/wp\/v2\/media?parent=16"}],"curies":[{"name":"wp","href":"https:\/\/api.w.org\/{rel}","templated":true}]}}