{"id":14,"date":"2014-06-04T11:05:05","date_gmt":"2014-06-04T14:05:05","guid":{"rendered":"http:\/\/www.conectorsolucoes.com.br\/site\/?page_id=14"},"modified":"2017-05-01T15:45:49","modified_gmt":"2017-05-01T18:45:49","slug":"informatica","status":"publish","type":"page","link":"https:\/\/www.sinplus.com.br\/site\/informatica\/","title":{"rendered":"Inform\u00e1tica"},"content":{"rendered":"<h2><strong>1) A SinPlus instala ou recupera os pontos de rede no nosso escrit\u00f3rio?<\/strong><br \/>\nSim. Instalamos os racks, patch-panels, switchs e fazemos o lan\u00e7amento dos cabos e pontos de rede\u00a0at\u00e9 as mesas. Tamb\u00e9m fazemos a instala\u00e7\u00e3o de central PABX, e o lan\u00e7amento dos ramais.<\/h2>\n<h2><strong>2) Se precisar de cuidar de um parque de computadores e impressoras, a SinPlus tem ferramentas, gente e conhecimento?<\/strong><br \/>\nTrabalhamos com a modalidade de contratos, firmando franquias de tempos com as empresas, com atendimento priorit\u00e1rio exclusivo (SLA) de forma que seja acess\u00edveis para o cliente e compensativas para o fornecedor desde o ano 2012. Temos pe\u00e7as e funcion\u00e1rios com conhecimento, e habilidade, com carteira assina que assim comprove, para te atender.<\/h2>\n<h2><strong>3) Emails corporativos, e telefonia tamb\u00e9m a Sinplus entrega?<\/strong><br \/>\n\u00c9 claro. Nessa modalidade pode-se incluir ou n\u00e3o, produtos de telefonia, inform\u00e1tica ou presta\u00e7\u00e3o de servi\u00e7os de hospedagem de sites, de manuten\u00e7\u00e3o dos emails da companhia, de seus dados entre outros. Estrutura de cabeamento, rede sem fio, backup de arquivos para outro servidor ou em n\u00favem.<\/h2>\n<h2><strong>4) Voc\u00eas trabalham com loca\u00e7\u00e3o de impressora? Qual a modalidade?<\/strong><br \/>\nNa \u00a0Loca\u00e7\u00e3o de Impressora, onde existem altas demandas de impress\u00e3o, o cliente s\u00f3 entra com o valor da folha e o custo da p\u00e1gina impressa. Os custos de manuten\u00e7\u00e3o, deslocamento, aquisi\u00e7\u00e3o do produto, trocas peri\u00f3dicas de pe\u00e7as e outros, fica por conta da nossa companhia. Temos mais de 07 anos de servi\u00e7os prestados nessa \u00e1rea.<\/h2>\n<h2><strong>5) Se minha empresa precisar locar outros hardwares, como Computadores, No-Breaks, Internet 3g?<\/strong><br \/>\nSem problemas. \u00a0Loca\u00e7\u00e3o de Computadores, onde o sistema, as pe\u00e7as, a instala\u00e7\u00e3o com nobreak, e a disponibilidade do equipamento fica por nossa conta. Tamb\u00e9m podemos fazer um contrato de internet ou servi\u00e7os 3g por nossa conta, dependendo da urg\u00eancia do cliente, e faturar como servi\u00e7o.<\/h2>\n<h2><strong>6) Como podem ser firmados os contratos?<br \/>\n<\/strong>Com valor fixo de horas t\u00e9cnicas, ou, avulsos, onde cobramos o Km e o servi\u00e7o efetuado. Atendemos as cidades circunvizinhas como Alto Taquari-MT, Alto Gar\u00e7as-MT, Ponte-Branca-MT, Ribeiraozinho-MT, Santa Rita do Araguaia-GO e Mineiros-GO. Em circunstancias especiais Rondon\u00f3polis-MT, visto que distancias acima de 200km a log\u00edstica fica mais dif\u00edcil.<\/h2>\n<h2><strong>7) Notebooks quebrados, formata\u00e7\u00e3o de computadores e outros imprevistos da inform\u00e1tica, atendem?<\/strong><br \/>\nSim. O consumidor final e \u00e1 empresas, temos material, bancada e t\u00e9cnico especializado para entregar em tempo h\u00e1bil o servi\u00e7o prestado. Recomendamos sempre que o cliente tenha feito o backup dos seus dados pessoais e importantes.<\/h2>\n<p>&nbsp;<\/p>\n<p>&nbsp;<\/p>\n","protected":false},"excerpt":{"rendered":"<p>1) A SinPlus instala ou recupera os pontos de rede no nosso escrit\u00f3rio? Sim. Instalamos os racks, patch-panels, switchs e fazemos o lan\u00e7amento dos cabos e pontos de rede\u00a0at\u00e9 as mesas. Tamb\u00e9m fazemos a instala\u00e7\u00e3o de central PABX, e o lan\u00e7amento dos ramais. 2) Se precisar de cuidar de um parque de computadores e impressoras,&#8230;<\/p>\n","protected":false},"author":1,"featured_media":0,"parent":0,"menu_order":0,"comment_status":"open","ping_status":"open","template":"","meta":{"footnotes":""},"class_list":["post-14","page","type-page","status-publish","hentry"],"_links":{"self":[{"href":"https:\/\/www.sinplus.com.br\/site\/wp-json\/wp\/v2\/pages\/14","targetHints":{"allow":["GET"]}}],"collection":[{"href":"https:\/\/www.sinplus.com.br\/site\/wp-json\/wp\/v2\/pages"}],"about":[{"href":"https:\/\/www.sinplus.com.br\/site\/wp-json\/wp\/v2\/types\/page"}],"author":[{"embeddable":true,"href":"https:\/\/www.sinplus.com.br\/site\/wp-json\/wp\/v2\/users\/1"}],"replies":[{"embeddable":true,"href":"https:\/\/www.sinplus.com.br\/site\/wp-json\/wp\/v2\/comments?post=14"}],"version-history":[{"count":8,"href":"https:\/\/www.sinplus.com.br\/site\/wp-json\/wp\/v2\/pages\/14\/revisions"}],"predecessor-version":[{"id":206,"href":"https:\/\/www.sinplus.com.br\/site\/wp-json\/wp\/v2\/pages\/14\/revisions\/206"}],"wp:attachment":[{"href":"https:\/\/www.sinplus.com.br\/site\/wp-json\/wp\/v2\/media?parent=14"}],"curies":[{"name":"wp","href":"https:\/\/api.w.org\/{rel}","templated":true}]}}