{"id":106,"date":"2016-06-30T21:14:36","date_gmt":"2016-07-01T00:14:36","guid":{"rendered":"http:\/\/www.sinplus.com.br\/site\/?page_id=106"},"modified":"2018-07-29T12:22:08","modified_gmt":"2018-07-29T15:22:08","slug":"portifolio-de-servicos","status":"publish","type":"page","link":"https:\/\/www.sinplus.com.br\/site\/portifolio-de-servicos\/","title":{"rendered":"Portif\u00f3lio de Servi\u00e7os"},"content":{"rendered":"<ol>\n<li>\u00a0Instala\u00e7\u00e3o de Cerca El\u00e9trica com Alarme, e Motor para Port\u00e3o<br \/>\n<a title=\"Instala\u00e7\u00e3o de Alarme, Cerca e Motor de Port\u00e3o - Karla Kaline\" href=\"https:\/\/www.flickr.com\/photos\/21392932@N08\/albums\/72157673331778726\" data-flickr-embed=\"true\"><img loading=\"lazy\" decoding=\"async\" src=\"https:\/\/c2.staticflickr.com\/9\/8038\/28840642993_c73d2bc1ac_z.jpg\" alt=\"Instala\u00e7\u00e3o de Alarme, Cerca e Motor de Port\u00e3o - Karla Kaline\" width=\"480\" height=\"640\" \/><\/a><script async src=\"\/\/embedr.flickr.com\/assets\/client-code.js\" charset=\"utf-8\"><\/script><\/li>\n<li>Instala\u00e7\u00e3o de Circuito Fechado de C\u00e2meras, com grava\u00e7\u00e3o 24 hs, e Alarme Residencial<br \/>\n<a title=\"Instala\u00e7\u00e3o de C\u00e2meras e Alarme - Beto\" href=\"https:\/\/www.flickr.com\/photos\/21392932@N08\/albums\/72157673332169466\" data-flickr-embed=\"true\"><img loading=\"lazy\" decoding=\"async\" src=\"https:\/\/c1.staticflickr.com\/9\/8419\/29354268472_f88c36604c_z.jpg\" alt=\"Instala\u00e7\u00e3o de C\u00e2meras e Alarme - Beto\" width=\"640\" height=\"480\" \/><\/a><script async src=\"\/\/embedr.flickr.com\/assets\/client-code.js\" charset=\"utf-8\"><\/script><\/li>\n<li>\u00a0Montagem de Cerca Eletrificada com Alarme residencial embutido em Rondon\u00f3polis.<br \/>\n<a title=\"Instala\u00e7\u00e3o de Cerca El\u00e9trica + Alarme - Marc\u00e3o 3M - Rondon\u00f3polis\" href=\"https:\/\/www.flickr.com\/photos\/21392932@N08\/albums\/72157673426393645\" data-flickr-embed=\"true\"><img loading=\"lazy\" decoding=\"async\" src=\"https:\/\/c3.staticflickr.com\/9\/8196\/28838405194_0d313263e9_z.jpg\" alt=\"Instala\u00e7\u00e3o de Cerca El\u00e9trica + Alarme - Marc\u00e3o 3M - Rondon\u00f3polis\" width=\"640\" height=\"480\" \/><\/a><script async src=\"\/\/embedr.flickr.com\/assets\/client-code.js\" charset=\"utf-8\"><\/script><\/li>\n<li>\u00a0Instala\u00e7\u00e3o de C\u00e2meras na Fazenda, pr\u00f3ximo ao assentamento Gato Preto.<br \/>\n<a title=\"Instala\u00e7\u00e3o de C\u00e2meras - Fazenda - Gato Preto\" href=\"https:\/\/www.flickr.com\/photos\/21392932@N08\/albums\/72157673426561955\" data-flickr-embed=\"true\"><img loading=\"lazy\" decoding=\"async\" src=\"https:\/\/c7.staticflickr.com\/9\/8161\/28838481574_02d2822368_z.jpg\" alt=\"Instala\u00e7\u00e3o de C\u00e2meras - Fazenda - Gato Preto\" width=\"640\" height=\"480\" \/><\/a><script async src=\"\/\/embedr.flickr.com\/assets\/client-code.js\" charset=\"utf-8\"><\/script><\/li>\n<li>\u00a0Instala\u00e7\u00e3o de Sistema de Alarme e Central Telef\u00f4nica Intelbras na Papelaria Criativa<br \/>\n<a title=\"Alarme e Telefonica - Papelaria Criativa\" href=\"https:\/\/www.flickr.com\/photos\/21392932@N08\/albums\/72157673331662306\" data-flickr-embed=\"true\"><img loading=\"lazy\" decoding=\"async\" src=\"https:\/\/c1.staticflickr.com\/9\/8835\/29427863136_9936003e3a_z.jpg\" alt=\"Alarme e Telefonica - Papelaria Criativa\" width=\"480\" height=\"640\" \/><\/a><script async src=\"\/\/embedr.flickr.com\/assets\/client-code.js\" charset=\"utf-8\"><\/script><\/li>\n<li>\u00a0Instala\u00e7\u00e3o de Cerca El\u00e9trica + Alarme + Discadora em Sta Rita do Araguaia<br \/>\n<a title=\"Instala\u00e7\u00e3o Cerca El\u00e9trica + Alarme JFL\" href=\"https:\/\/www.flickr.com\/photos\/21392932@N08\/albums\/72157672222822260\" data-flickr-embed=\"true\"><img loading=\"lazy\" decoding=\"async\" src=\"https:\/\/c3.staticflickr.com\/9\/8369\/29173601530_348fc60c71_z.jpg\" alt=\"Instala\u00e7\u00e3o Cerca El\u00e9trica + Alarme JFL\" width=\"480\" height=\"640\" \/><\/a><script async src=\"\/\/embedr.flickr.com\/assets\/client-code.js\" charset=\"utf-8\"><\/script><\/li>\n<li>\u00a0Cerca El\u00e9trica com Alarme &#8211; Andr\u00ea Vir\u00f4 Engenharia<br \/>\n<a title=\"Cerca El\u00e9trica com Alarme - Andr\u00e9 Viro Engenharia\" href=\"https:\/\/www.flickr.com\/photos\/21392932@N08\/albums\/72157673426814865\" data-flickr-embed=\"true\"><img loading=\"lazy\" decoding=\"async\" src=\"https:\/\/c2.staticflickr.com\/9\/8010\/29383192161_95d3a9da67_z.jpg\" alt=\"Cerca El\u00e9trica com Alarme - Andr\u00e9 Viro Engenharia\" width=\"640\" height=\"480\" \/><\/a><script async src=\"\/\/embedr.flickr.com\/assets\/client-code.js\" charset=\"utf-8\"><\/script><\/li>\n<li>\u00a0Cerca El\u00e9trica + Alarme + Motor p\/Port\u00e3o &#8211; Res.Sra.Orc\u00edlia<\/li>\n<\/ol>\n<p><a title=\"Cerca El\u00e9trica + Alarme + Motor p\/Port\u00e3o casa D. Orc\u00edlia\" href=\"https:\/\/www.flickr.com\/photos\/21392932@N08\/albums\/72157675434519671\" data-flickr-embed=\"true\"><img loading=\"lazy\" decoding=\"async\" src=\"https:\/\/c8.staticflickr.com\/6\/5548\/30398278463_133c85bea0_z.jpg\" alt=\"Cerca El\u00e9trica + Alarme + Motor p\/Port\u00e3o casa D. Orc\u00edlia\" width=\"640\" height=\"360\" \/><\/a><script async src=\"\/\/embedr.flickr.com\/assets\/client-code.js\" charset=\"utf-8\"><\/script><\/p>\n<p>9 &#8211; Banco da Amazonia &#8211; Barra do Gar\u00e7as-MT (Troca da Central Pabx Siemens,\u00a0 pela Intelbras Impacta 68i)<\/p>\n<div style=\"width: 406px\" class=\"wp-caption alignleft\"><img loading=\"lazy\" decoding=\"async\" class=\"\" src=\"https:\/\/lh3.googleusercontent.com\/_PYrjUpQ_NjDzb10S0tin4GjdFg1nqOH4-C5FuGUReXTUIHaA2_IVOngRestQ77jFCEQw2VS-eTwBXO4TewakqJw5M7O9aWPenpHR450teXGjeXnjZIem7Sh4PDowDeMdrJ8f_uguBuw75MctHxLWUt3mIDrPdH8WkcmwRt003SR_xjH5ESc--IZ1stftD9jpwVizByVstzOy3fXujL9FRViAc0qXwx3tW1sxi8BmxuOElzTLooBdH65HVZfeASNt-YjcZDsNjJMIZ2VrvGcbioEzI_eKHBBUqCvn4nZ5BRHeXr8K9rhdZ9pkdTqqKqjZY2bqdLYR7IMdWTxRPjYa2v6tUETFx4Je-8Ou8_uwlYZS-4Dq24V4WYNZW8jDkBEtlcNs9n4hGeldKYiIiuAsGVabOcxR_PYjnRcm78S7ScRL_6xAjNKrCbgbCbPxj75Q6161x12o47MDBSWCK0fFo7pm8bh3N5Ic9Vsqo-VObiA6h4wEdidPCytx7fheJba6m4gDbx8ycwQb0axcYY4fYWOEWVM9zoXwHr9i9QQLyDoPFLZFhfyh1gWyCaZxxmInRS04-V3hWCcpoysc9vQKzY9RJnm5UJVZL-ideY=w1161-h653-no\" alt=\"\" width=\"396\" height=\"223\" \/><p class=\"wp-caption-text\">Antes<\/p><\/div>\n<div style=\"width: 406px\" class=\"wp-caption alignnone\"><img loading=\"lazy\" decoding=\"async\" class=\"\" src=\"https:\/\/lh3.googleusercontent.com\/5oodtrLM3vLP8KjlFRVQZgFZ1G2gw7PPN_osx4OkDLw9puj9jLOdUVd3N0FB5K45rw3PrKms9-XGc2em9bIOpRCZfKO0BBwtGBhqFJXnbd_e_mfZ68V5ND8FV9fpWv4TI6bodnTILzqUk7Sp2odc9Dn-uiMpj3s6GnQ3AJRtEdEHbrnUMl1czVNRdRUtIvbbkiGTs6OmqifjdJHFNWqO_sHoQ8H_-5ihrcWmyUNykGieI96Sn0WFqKZiRYvFaNckdmNbjdOjyshsOcb_eAElzOc86e58ORGV0jAIrzrhoZukiME3SvoM3f2ytvPkW7gN-BaTjGfFgzOeciObTOBj-egmD3PThHYIWwVbSD_H7J0tYjMo34FRMGy1D1mmiqKmQ4LdYgw3HG0R7bSluKX3zOh4mWP0zMfJ9hdM3ilZ6HZNop6fuNQQ88JpOb8cWOlnk05Z_2yINjF8XLdUI0bvAOvccCgGY4tFu1tpLnHKCO4gBa17VcGv-14UMnA5aJI7Sr_1h_WI0pNXt2MvDPJX0cB6SKp-ks4BB4aBRvazeZPP1P0P_ENktpm-x_M27FwdN2Y3n43hBqpEy6NEZDe_XrBVGfXnFmTz1cFnQvU=w1161-h653-no\" width=\"396\" height=\"222\" \/><p class=\"wp-caption-text\">DEPOIS<\/p><\/div>\n","protected":false},"excerpt":{"rendered":"<p>\u00a0Instala\u00e7\u00e3o de Cerca El\u00e9trica com Alarme, e Motor para Port\u00e3o Instala\u00e7\u00e3o de Circuito Fechado de C\u00e2meras, com grava\u00e7\u00e3o 24 hs, e Alarme Residencial \u00a0Montagem de Cerca Eletrificada com Alarme residencial embutido em Rondon\u00f3polis. \u00a0Instala\u00e7\u00e3o de C\u00e2meras na Fazenda, pr\u00f3ximo ao assentamento Gato Preto. \u00a0Instala\u00e7\u00e3o de Sistema de Alarme e Central Telef\u00f4nica Intelbras na Papelaria Criativa&#8230;<\/p>\n","protected":false},"author":1,"featured_media":0,"parent":0,"menu_order":0,"comment_status":"closed","ping_status":"closed","template":"","meta":{"footnotes":""},"class_list":["post-106","page","type-page","status-publish","hentry"],"_links":{"self":[{"href":"https:\/\/www.sinplus.com.br\/site\/wp-json\/wp\/v2\/pages\/106","targetHints":{"allow":["GET"]}}],"collection":[{"href":"https:\/\/www.sinplus.com.br\/site\/wp-json\/wp\/v2\/pages"}],"about":[{"href":"https:\/\/www.sinplus.com.br\/site\/wp-json\/wp\/v2\/types\/page"}],"author":[{"embeddable":true,"href":"https:\/\/www.sinplus.com.br\/site\/wp-json\/wp\/v2\/users\/1"}],"replies":[{"embeddable":true,"href":"https:\/\/www.sinplus.com.br\/site\/wp-json\/wp\/v2\/comments?post=106"}],"version-history":[{"count":34,"href":"https:\/\/www.sinplus.com.br\/site\/wp-json\/wp\/v2\/pages\/106\/revisions"}],"predecessor-version":[{"id":233,"href":"https:\/\/www.sinplus.com.br\/site\/wp-json\/wp\/v2\/pages\/106\/revisions\/233"}],"wp:attachment":[{"href":"https:\/\/www.sinplus.com.br\/site\/wp-json\/wp\/v2\/media?parent=106"}],"curies":[{"name":"wp","href":"https:\/\/api.w.org\/{rel}","templated":true}]}}